-g = 3*v - 18, 0 = -2*v + 5 - 3. What is the greatest common factor of g and 165?
15
Let p be 1870 + ((-30)/(-12) - (-1)/(-2)). Suppose 3*a = -3*a + p. Calculate the highest common factor of a and 39.
39
Suppose -3*d + 130 = 5*i, 0*d = 5*d + 5*i - 220. Suppose 76*n + 20 = 79*n - 5*y, 13 = 3*n + 2*y. What is the highest common factor of d and n?
5
Suppose 15 = -5*c, -4*w + 2*c + 155 = -187. Calculate the highest common factor of w and 147.
21
Let l be (-6)/45 + (-1)/(60/(-2588)). Calculate the greatest common factor of l and 1333.
43
Let a be (-2 - 18/8)/((-1)/28). What is the highest common divisor of a and 84?
7
Let u(m) = 3*m**2 - 37*m + 120. Let r be u(4). Calculate the greatest common divisor of r and 2180.
20
Let r(h) = 4*h - 8. Let q be r(9). Let j be 3/(-3 + -6)*-84. What is the highest common factor of q and j?
28
Let v be 2/(-10) + (-441)/(-105). What is the greatest common factor of 4 and v?
4
Let o = 46 - 43. Suppose -o*m + m + 48 = 0. Calculate the greatest common factor of 60 and m.
12
Let w(d) = -d + 7. Let y be w(5). Let z be (-4 + 0)*(-3 + 1). What is the highest common divisor of z and y?
2
Let g(b) = b**3 + 35*b**2 - 7*b - 93. Let d be g(-35). Calculate the greatest common divisor of d and 16.
8
Let c = 24 + -15. Suppose 6*x + 3*f = 2*x + 3, 5*x + 2*f - c = 0. Suppose -2*r + x*r - 64 = 0. Calculate the greatest common divisor of 8 and r.
8
Let v = -170 - -168. Let w be (45/(-20))/(v/144). Calculate the highest common divisor of w and 108.
54
Let q be (-2 + 8 + -4)/(4/(-10)). Let z be q*((-1)/(-4) - (-58)/(-40)). What is the greatest common divisor of z and 30?
6
Let k(o) = o - 8. Let r be k(8). Let v be 1 - 2 - (r + -10). Suppose 0 = -3*z - d - 1, -z + 2*d = -3*z - 6. Calculate the highest common factor of z and v.
1
Suppose -3*z = -p + z, 0 = -4*p + 5*z - 11. Let d be (-27)/p*(4 + 0). Calculate the greatest common factor of d and 3.
3
Suppose 42*z - 36*z = 90. Let r be 0 + (-3)/((-3)/17). Let m be (1 - r/2)*-6. Calculate the highest common factor of z and m.
15
Suppose 4*m + 0 = 8. Suppose -84 = -m*k - 28. Calculate the highest common divisor of k and 4.
4
Suppose -p = -7*p. Suppose -s + 90 = -p*s. Let o(j) = j**2 - j + 36. Let x be o(0). Calculate the greatest common divisor of s and x.
18
Let q = 186 - 122. What is the greatest common factor of 288 and q?
32
Let m(p) = -2*p**2 + p + 6. Let q be m(5). Let i be (6/9 + -1)*q. Let w = 56 - 43. Calculate the greatest common factor of i and w.
13
Suppose -18*r = -21*r + k + 1584, 0 = -4*k. Calculate the highest common divisor of r and 33.
33
Suppose -3*y - 5*h = -285, -5*h = 4*y - 3*h - 366. What is the greatest common factor of y and 225?
45
Suppose 8*f + 80 = 5*y + 13*f, 70 = 4*y + f. Suppose 0 = -9*h + 63 + y. Calculate the greatest common divisor of 9 and h.
9
Let i(h) = -h**3 - 41*h**2 - 84*h - 195. Let g be i(-39). What is the highest common factor of g and 1274?
13
Let o = -1842 + 1854. What is the greatest common divisor of 66 and o?
6
Let y be (-4 - 160/3)*(-8 - -2). What is the greatest common divisor of y and 16?
8
Let y be 3 + (3 - 4) + 2. Let k = y - 1. Suppose -3 + 27 = k*i. Calculate the greatest common factor of 8 and i.
8
Let h = 12 - 24. Let t(j) = -5*j + 5. Let z be t(h). What is the greatest common divisor of z and 13?
13
Let x(m) = 22*m**3 - 7*m**2 + 18*m - 9. Let h be x(3). Calculate the highest common divisor of h and 64.
64
Suppose 8 + 2 = 5*k. Let l be (-1 + -3 + 3)*21. Let c be k - (4/4 + l). What is the highest common factor of 33 and c?
11
Let r(u) = -u**3 - 5*u**2 - 7*u - 20. Let l be r(-10). What is the greatest common divisor of l and 50?
50
Let h = -250 - -565. Suppose -2*p = -2*i + 60, 0 = -3*p + p + 5*i - 51. Let g = p - -68. Calculate the highest common factor of g and h.
35
Let c = 11 + -16. Let p = 57 + -32. Let n = c + p. Calculate the highest common factor of n and 160.
20
Let z = 669 + -668. Calculate the greatest common divisor of z and 103.
1
Let v = 3994 - 3967. Suppose -4*p - 66 = -l, -3*p = -8*p - 15. Calculate the highest common divisor of l and v.
27
Suppose m + 30 = 2*m - 5*q, -5*m + 242 = -2*q. What is the greatest common factor of 20 and m?
10
Let f be 1 + (-1 - (5 - (20 - -3))). Let g = 43 + -25. What is the greatest common divisor of f and g?
18
Suppose 15*g - 307 = 13*g - 3*w, g - 160 = 5*w. Calculate the greatest common divisor of g and 93.
31
Let y(l) = -12*l. Let b = -14 - -12. Let j be y(b). Suppose 1 = -v + 5, -v = -u + 92. Calculate the highest common factor of j and u.
24
Let b(f) = 7*f + 46. Let a be b(-4). Let j be (a/27)/(1/30). What is the highest common divisor of 4 and j?
4
Suppose 5*x + 386 = 4*t, 7*x = -t + 10*x + 93. Calculate the greatest common divisor of 2673 and t.
99
Suppose -123*g + 135*g - 6336 = 0. Calculate the greatest common divisor of 11 and g.
11
Suppose -4*n + 3*b = -81, -n + b + 21 = -0*b. Suppose -j + 3 = 14. Let l = n + j. Calculate the greatest common factor of l and 63.
7
Let o = 43 - 40. Suppose -t = -o*t + 252. What is the greatest common factor of 18 and t?
18
Let w(v) = -25*v**3 + 2*v + 2. Suppose 2*x - 5*x - 5 = 4*s, 4*x - 10 = 3*s. Let j be w(s). What is the greatest common divisor of j and 18?
18
Let m = -1467 + 1791. Calculate the greatest common factor of 252 and m.
36
Let d = 27 - 24. Suppose 3*x + 5*b = 11, x = d*b - 1 - 0. What is the greatest common divisor of x and 26?
2
Let y = -47 - -43. Let w = 91 + y. What is the highest common factor of 29 and w?
29
Suppose -11 - 150 = -3*h - 2*l, -4*h + 5*l + 253 = 0. What is the greatest common factor of 513 and h?
57
Suppose 4*v = -5*k + 187, 59 - 205 = -3*v + 2*k. Let a(g) = -13*g + 96. Let r be a(6). Calculate the highest common divisor of r and v.
6
Let g(q) = q**2 - q - 2. Let n be g(3). Suppose n*d + 60 = 8*d. Calculate the greatest common factor of 120 and d.
15
Let g = 239 - 234. Calculate the highest common factor of g and 95.
5
Let r be 3 + -2 + (-9)/(-3). Let q(t) = t**3 - 6*t**2 + 4*t + 4. Let k be q(r). Let w be (28/k - -1)*-36. Calculate the highest common factor of w and 32.
16
Let i(b) = -2*b - 23. Let c(m) = -m + 1. Let j(o) = 5*c(o) + i(o). Let s be j(-6). What is the greatest common factor of s and 12?
12
Suppose -m = -3*z - 174, -m - 5*z = -0*m - 150. Calculate the greatest common divisor of 605 and m.
55
Let b be -9 + 6 + (-4)/(-2). Let g(m) = 483*m**2 - 1. Let a be g(b). Suppose a = -5*o + 1967. What is the greatest common factor of 27 and o?
27
Let t = 163 + 141. Calculate the greatest common divisor of 19 and t.
19
Let j(q) = -q**3 + 3*q**2 + 3*q. Let l be j(-3). Suppose -4*g - g = -l. Let r = 36 - 33. What is the greatest common divisor of r and g?
3
Suppose -a = -5*z, -4*a + 5*z + 11 = -19. Let y be ((-716)/6)/((-74)/111). Let i = 259 - y. What is the highest common factor of i and a?
10
Let o be 3/(-2)*28/42. Let t be (24 + 1)/(o/(-2)). Suppose -z + 0*z = -4*s - t, -3*s = -4*z + 265. Calculate the highest common factor of 35 and z.
35
Suppose 0 = 3*r - 6*r. Suppose r*v = 3*v - 5*l - 31, 5*l + 38 = 4*v. Suppose -v*f = -11*f + 4. What is the greatest common factor of 4 and f?
1
Suppose 0 = 5*a - 35 + 5. Suppose -6 = -3*n + a. Let o(q) = -5*q + 9. Let u be o(-7). What is the highest common divisor of u and n?
4
Let t(o) = o**3 + o**2 + 84. Suppose -12 = -4*a - 4*i, a - i = i. Suppose -7*k + a*k = 0. Let r be t(k). Calculate the highest common factor of 12 and r.
12
Let y = -1 + 14. Suppose 0*w = 5*w - 260. What is the greatest common factor of y and w?
13
Let w = 111 + -59. Let g = w - 36. Suppose 15 = -d + 63. What is the highest common factor of d and g?
16
Let o = 1545 - 1337. What is the greatest common factor of o and 78?
26
Let r = -21 + 24. Suppose 0 = q + 3*l - 2*l - 23, r*l - 119 = -5*q. Calculate the greatest common factor of q and 25.
25
Let q = 469 + -279. Calculate the greatest common divisor of q and 1805.
95
Suppose 12*x - 11*x - 14 = 0. Suppose 19*p - 360 = x*p. Calculate the greatest common factor of 9 and p.
9
Suppose -18*m - 42*m + 2520 = 0. Calculate the greatest common divisor of 441 and m.
21
Let f be (-10)/(-30) + 6039/27. Calculate the highest common divisor of f and 168.
56
Suppose -248 = -12*p - 212. Calculate the highest common factor of 24 and p.
3
Let q(y) = -y**2 + y + 3. Let s be